nvert 2762136 (base 10) to base 6.
135111400
3566778 (base 10) to base 5
1403114103
What is 33012021 (base 4) in base 3?
10010211010
What is -1001111001000011000 (base 2) in base 9?
-543543
What is -16c3756 (base 14) in base 10?
-11227152
What is -54550452 (base 6) in base 8?
-6163140
Convert -1597781 (base 13) to base 15.
-9264e5
Convert -1000111122201 (base 3) to base 7.
-4413262
Convert 20201354 (base 6) to base 11.
363659
Convert 25225250 (base 9) to base 6.
1120513543
Convert 10413340 (base 6) to base 5.
40004431
98705 (base 15) to base 4
1312031231
What is -30140004 (base 6) in base 9?
-1538704
25254555 (base 7) to base 11
1319a58
Convert -125b83 (base 12) to base 8.
-1113123
-11100110100110 (base 2) to base 16
-39a6
Convert 154471 (base 8) to base 9.
84247
Convert 513350 (base 6) to base 12.
1b856
Convert 2010010001110 (base 3) to base 2.
100010010011100111101
Convert 2836596 (base 10) to base 16.
2b4874
Convert -1302277 (base 10) to base 8.
-4757405
15177023 (base 8) to base 10
3472915
Convert -222111234 (base 5) to base 2.
-11101101011110010110
343113240 (base 5) to base 14
2bd7c9
106b7f (base 16) to base 11
675539
Convert 7a1408 (base 11) to base 10.
1275590
-40413331 (base 5) to base 16
-4f9cb
3a902 (base 11) to base 15
12434
-11372112 (base 9) to base 15
-7462de
What is -521000454 (base 6) in base 16?
-8966f2
-742952 (base 11) to base 5
-301032404
-5183816 (base 10) to base 16
-4f1948
What is 2d9ac (base 15) in base 8?
437560
What is 53052155 (base 6) in base 16?
179987
What is 425585 (base 9) in base 3?
110212122212
Convert -222744 (base 11) to base 14.
-934cd
Convert 66552 (base 12) to base 13.
49922
What is 565500 (base 7) in base 16?
18831
Convert b14be (base 15) to base 10.
561329
What is -103133310 (base 4) in base 5?
-10023420
Convert 30566 (base 7) to base 3.
101021122
What is -2bb7980 (base 13) in base 10?
-14069016
What is 251302006 (base 7) in base 11?
8a22944
What is 10121211022 (base 3) in base 7?
414626
Convert -363310 (base 7) to base 5.
-4103020
What is -9448452 (base 10) in base 16?
-902c04
-b55a2 (base 13) to base 16
-4f9f5
13554257 (base 8) to base 10
3070127
What is -7915 (base 10) in base 4?
-1323223
Convert -268c5 (base 15) to base 7.
-1023005
4e552 (base 16) to base 2
1001110010101010010
What is 122201102 (base 5) in base 9?
1080734
-122241636 (base 7) to base 16
-755b3b
Convert ff6c (base 16) to base 6.
1222420
What is -1101010121 (base 4) in base 11?
-207530
What is 55322101 (base 6) in base 5?
411044344
Convert 163644 (base 7) to base 2.
111111100111000
What is -1351481 (base 9) in base 14?
-154851
What is d4354 (base 15) in base 7?
5500201
Convert -a44bc4 (base 14) to base 6.
-314504132
1121200430 (base 5) to base 10
2521990
Convert -85ff (base 16) to base 3.
-1202001111
Convert -54434214 (base 6) to base 15.
-2209e7
What is -1b9b70 (base 12) in base 2?
-1111000101001000100
bc12b (base 14) to base 13
12c58b
a1041 (base 13) to base 4
1012101310
-27641 (base 11) to base 15
-b9ea
What is 398b9 (base 13) in base 11?
733a7
Convert -b4e9c0 (base 15) to base 6.
-504234200
Convert -533336 (base 7) to base 10.
-92441
What is -213871 (base 11) in base 10?
-341782
388937a (base 12) to base 15
e9ce34
1140003 (base 5) to base 4
11030011
-149831 (base 10) to base 2
-100100100101000111
Convert -60a07 (base 11) to base 6.
-1524155
Convert 23399 (base 11) to base 7.
200246
-4002657 (base 8) to base 15
-15b1c1
Convert 2c560 (base 14) to base 4.
123003220
Convert 103226 (base 10) to base 16.
1933a
Convert 767a91 (base 13) to base 14.
527c68
What is 3646713 (base 8) in base 14?
1c1719
-980793 (base 10) to base 9
-1754350
43441010 (base 5) to base 6
12005453
What is -11211010 (base 4) in base 6?
-253444
What is 18573526 (base 9) in base 15?
c53b40
Convert -445054 (base 7) to base 10.
-78586
2232205 (base 6) to base 5
12111021
416443 (base 8) to base 6
2545203
Convert 1011210100210221 (base 3) to base 2.
1000000011100110010111111
What is -1799597 (base 10) in base 2?
-110110111010110101101
Convert 1447365 (base 8) to base 2.
1100100111011110101
What is -2543673 (base 10) in base 14?
-4a2dcd
1145411 (base 6) to base 16
edaf
What is 329412 (base 11) in base 4?
2000021233
457664 (base 10) to base 8
1575700
Convert -1451433444 (base 6) to base 5.
-14134401213
43120343 (base 5) to base 15
72c18
Convert 676b (base 13) to base 7.
60066
Convert -12131001 (base 4) to base 7.
-140031
What is -479088 (base 11) in base 7?
-6310101
-249a782 (base 11) to base 13
-b89510
What is -404212413 (base 5) in base 11?
-a15359
311240301 (base 5) to base 12
515643
Convert 11d39 (base 15) to base 13.
1cc20
Convert 390829 (base 13) to base 15.
1c192a
What is -3321143433 (base 5) in base 15?
-976113
Convert 22233200220 (base 4) to base 16.
2af828
What is 1461245 (base 8) in base 4?
1212022211
What is 186432 (base 9) in base 10?
116264
120311020 (base 5) to base 4
2013333102
2133022 (base 4) to base 8
23712
Convert -101320113 (base 4) to base 3.
-10201110120
What is 3231211101 (base 4) in base 8?
3554521
Convert -4402784 (base 9) to base 3.
-11110002212211
Convert 201102220000 (base 3) to base 5.
44221034
What is 679212 (base 10) in base 2?
10100101110100101100
What is 1044695 (base 10) in base 13?
2a7682
Convert -422562 (base 9) to base 14.
-677b7
a34d (base 16) to base 5
2314210
Convert 4e098 (base 16) to base 10.
319640
What is 1103011000 (base 4) in base 9?
567707
-110120020120 (base 3) to base 5
-30403213
What is 42344 (base 15) in base 3?
101200001101
What is 20342113 (base 7) in base 6?
100334424
What is 10130314 (base 10) in base 11?
579a067
What is -10121200222101 (base 3) in base 7?
-22226443
Convert 144388 (base 10) to base 13.
5094a
What is 1c935 (base 13) in base 15?
11b10
What is 38352c (base 16) in base 12?
1297890
What is 2b47a2 (base 14) in base 5?
341320324
-4a2057 (base 11) to base 16
-c1afa
Convert -1878c (base 14) to base 11.
-42530
What is -a82184 (base 12) in base 6?
-132545044
What is 4525612 (base 8) in base 13?
33ac02
Convert 285982 (base 10) to base 6.
10043554
-166831 (base 11) to base 7
-2122565
What is -4511074 (base 8) in base 15?
-19093e
-142221 (base 7) to base 9
-41283
-182413 (base 9) to base 14
-2d431
Convert -300121 (base 9) to base 6.
-3444331
Convert 12000200011 (base 3) to base 14.
28089
Convert -22301302 (base 4) to base 11.
-30193
What is -63a7a (base 11) in base 9?
-151674
Convert -333335 (base 8) to base 13.
-3c1a3
131254 (base 9) to base 12
3a134
What is -10122001012202 (base 3) in base 14?
-383402
What is 27310 (base 9) in base 14?
6a3b
Convert -212100002111 (base 3) to base 5.
-104144322
Convert 100110001000001000110 (base 2) to base 5.
304434400
-3401154 (base 6) to base 13
-5ccc5
Convert 2c2de (base 16) to base 2.
101100001011011110
-66103 (base 7) to base 2
-100000010000100
1917750 (base 11) to base 13
898551
-185194 (base 15) to base 6
-41154234
1100011110011100110101 (base 2) to base 13
8a67a4
Convert ab7a4 (base 12) to base 2.
110111100010101100
Convert -1031013204 (base 6) to base 10.
-10966180
What is -174832 (base 12) in base 4?
-1202022212
What is 11721242 (base 8) in base 11?
1514629
What is -54302747 (base 8) in base 4?
-230120113213
Convert -4245663 (base 7) to base 8.
-1757434
What is -454111 (base 6) in base 8?
-113133
What is 103223112300 (base 4) in base 13?
10b7b7b
110011110101100001 (base 2) to base 14
5753b
What is -8110124 (base 9) in base 11?
-2489675
1011110101011100101 (base 2) to base 16
5eae5
212232312 (base 4) to base 15
32016
Convert 1000101101010100010 (base 2) to base 9.
474371
Convert -63ec2 (base 16) to base 11.
-25a555
Convert 3322422 (base 6) to base 8.
505116
-3201220030 (base 4) to base 2
-11100001101000001100
What is 8b2a11 (base 14) in base 9?
8812848
88356 (base 13) to base 6
5141510
-4415702 (base 9) to base 3
-11110112210002
-cb4b (base 14) to base 11
-24456
43263 (base 14) to base 7
1244253
What is 210345 (base 10) in base 4?
303112221
1000110011001101111 (base 2) to base 10
288367
Convert 31298c0 (base 13) to base 3.
1001002112021112
What is -171d2 (base 16) in base 13?
-34128
-67800 (base 12) to base 5
-13401124
Convert 11836d (base 15) to base 6.
25542334
What is 67405 (base 10) in base 6?
1240021
What is 213787 (base 9) in base 13?
46051
-247a69a (base 11) to